{"id":1499,"date":"2022-10-03T19:15:07","date_gmt":"2022-10-03T19:15:07","guid":{"rendered":"https:\/\/megyeiprima.hu\/?page_id=1499"},"modified":"2022-10-03T19:33:00","modified_gmt":"2022-10-03T19:33:00","slug":"javasoljon-jeloltet-2022","status":"publish","type":"page","link":"https:\/\/megyeiprima.hu\/?page_id=1499","title":{"rendered":"Javasoljon jel\u00f6ltet!"},"content":{"rendered":"\t\t<div data-elementor-type=\"wp-page\" data-elementor-id=\"1499\" class=\"elementor elementor-1499\">\n\t\t\t\t\t\t<div class=\"elementor-inner\">\n\t\t\t\t<div class=\"elementor-section-wrap\">\n\t\t\t\t\t\t\t\t\t<section class=\"elementor-section elementor-top-section elementor-element elementor-element-547ea693 elementor-section-boxed elementor-section-height-default elementor-section-height-default\" data-id=\"547ea693\" data-element_type=\"section\">\n\t\t\t\t\t\t<div class=\"elementor-container elementor-column-gap-default\">\n\t\t\t\t\t\t\t<div class=\"elementor-row\">\n\t\t\t\t\t<div class=\"elementor-column elementor-col-100 elementor-top-column elementor-element elementor-element-55eb56fe\" data-id=\"55eb56fe\" data-element_type=\"column\">\n\t\t\t<div class=\"elementor-column-wrap elementor-element-populated\">\n\t\t\t\t\t\t\t<div class=\"elementor-widget-wrap\">\n\t\t\t\t\t\t<div class=\"elementor-element elementor-element-4ba6b130 elementor-widget elementor-widget-text-editor\" data-id=\"4ba6b130\" data-element_type=\"widget\" data-widget_type=\"text-editor.default\">\n\t\t\t\t<div class=\"elementor-widget-container\">\n\t\t\t\t\t\t\t\t<div class=\"elementor-text-editor elementor-clearfix\">\n\t\t\t\t<p><!-- wp:paragraph --><\/p>\n<p>2005 \u00f3ta az orsz\u00e1g eg\u00e9sz ter\u00fclet\u00e9n \u00f6n\u00e1ll\u00f3 elismer\u00e9sben r\u00e9szes\u00fclhetnek a szellemi \u00e9let, a kult\u00fara, a tudom\u00e1ny, a m\u0171v\u00e9szet \u00e9s a sport megyei legjobbjai. \u0150k azok, akik k\u00f6zelr\u0151l figyelhet\u0151, megismerhet\u0151 p\u00e9ldak\u00e9peiv\u00e9 v\u00e1lhatnak sz\u0171kebb haz\u00e1juk k\u00f6z\u00f6ss\u00e9g\u00e9nek.<\/p>\n<p><!-- \/wp:paragraph --><!-- wp:paragraph --><\/p>\n<p>Az \u00e9venk\u00e9nt oda\u00edt\u00e9lt megyei Prima d\u00edjat mind a tizenkilenc megy\u00e9ben, megy\u00e9nk\u00e9nt h\u00e1rman nyerhetik el.<\/p>\n<p><!-- \/wp:paragraph --><!-- wp:paragraph --><\/p>\n<p>K\u00e9rj\u00fck, az itt tal\u00e1lhat\u00f3 \u0171rlap seg\u00edts\u00e9g\u00e9vel javasoljon olyan kultur\u00e1lis szakembert, akit m\u00e9lt\u00f3nak tart a Megyei Prima d\u00edj elismer\u00e9sre!<\/p>\n<p><!-- \/wp:paragraph --><\/p>\t\t\t\t\t<\/div>\n\t\t\t\t\t\t<\/div>\n\t\t\t\t<\/div>\n\t\t\t\t\t\t<\/div>\n\t\t\t\t\t<\/div>\n\t\t<\/div>\n\t\t\t\t\t\t\t\t<\/div>\n\t\t\t\t\t<\/div>\n\t\t<\/section>\n\t\t\t\t<section class=\"elementor-section elementor-top-section elementor-element elementor-element-765b288 elementor-section-boxed elementor-section-height-default elementor-section-height-default\" data-id=\"765b288\" data-element_type=\"section\">\n\t\t\t\t\t\t<div class=\"elementor-container elementor-column-gap-default\">\n\t\t\t\t\t\t\t<div class=\"elementor-row\">\n\t\t\t\t\t<div class=\"elementor-column elementor-col-100 elementor-top-column elementor-element elementor-element-5a60541\" data-id=\"5a60541\" data-element_type=\"column\">\n\t\t\t<div class=\"elementor-column-wrap elementor-element-populated\">\n\t\t\t\t\t\t\t<div class=\"elementor-widget-wrap\">\n\t\t\t\t\t\t<div class=\"elementor-element elementor-element-f32de5b elementor-widget elementor-widget-spacer\" data-id=\"f32de5b\" data-element_type=\"widget\" data-widget_type=\"spacer.default\">\n\t\t\t\t<div class=\"elementor-widget-container\">\n\t\t\t\t\t<div class=\"elementor-spacer\">\n\t\t\t<div class=\"elementor-spacer-inner\"><\/div>\n\t\t<\/div>\n\t\t\t\t<\/div>\n\t\t\t\t<\/div>\n\t\t\t\t\t\t<\/div>\n\t\t\t\t\t<\/div>\n\t\t<\/div>\n\t\t\t\t\t\t\t\t<\/div>\n\t\t\t\t\t<\/div>\n\t\t<\/section>\n\t\t\t\t<section class=\"elementor-section elementor-top-section elementor-element elementor-element-2bed690 elementor-section-boxed elementor-section-height-default elementor-section-height-default\" data-id=\"2bed690\" data-element_type=\"section\">\n\t\t\t\t\t\t<div class=\"elementor-container elementor-column-gap-default\">\n\t\t\t\t\t\t\t<div class=\"elementor-row\">\n\t\t\t\t\t<div class=\"elementor-column elementor-col-100 elementor-top-column elementor-element elementor-element-9660fa9\" data-id=\"9660fa9\" data-element_type=\"column\">\n\t\t\t<div class=\"elementor-column-wrap elementor-element-populated\">\n\t\t\t\t\t\t\t<div class=\"elementor-widget-wrap\">\n\t\t\t\t\t\t<div class=\"elementor-element elementor-element-fcc45a8 elementor-widget elementor-widget-shortcode\" data-id=\"fcc45a8\" data-element_type=\"widget\" data-widget_type=\"shortcode.default\">\n\t\t\t\t<div class=\"elementor-widget-container\">\n\t\t\t\t\t<div class=\"elementor-shortcode\"><div style=\"display:none\" class=\"fm-form-container fm-theme12\"><div id=\"fm-pages6\" class=\"fm-pages wdform_page_navigation \" show_title=\"\" show_numbers=\"1\" type=\"none\"><\/div><form name=\"form6\" action=\"\/index.php?rest_route=%2Fwp%2Fv2%2Fpages%2F1499\" method=\"post\" id=\"form6\" class=\"fm-form form6  \" enctype=\"multipart\/form-data\"><input type=\"hidden\" id=\"fm_page_id6\" value=\"1499\" name=\"fm_page_id6\" \/><input type=\"hidden\" id=\"fm_current_post_type6\" value=\"page\" name=\"fm_current_post_type6\" \/><input type=\"hidden\" id=\"counter6\" value=\"12\" name=\"counter6\" \/><input type=\"hidden\" id=\"Itemid6\" value=\"\" name=\"Itemid6\" \/><input type=\"hidden\" id=\"fm_shake6\" value=\"1\" name=\"fm_shake6\" \/><input type=\"text\" class=\"fm-hide\" id=\"fm_empty_field_validation6\" value=\"\" name=\"fm_empty_field_validation6\" data-value=\"bd736efb144d599cf463541431fbf5c4\" \/><div class=\"wdform-page-and-images fm-form-builder\"><div id=\"6form_view1\" class=\"wdform_page\" page_title=\"Untitled page\" next_title=\"Next\" next_type=\"text\" next_class=\"wdform-page-button\" next_checkable=\"true\" previous_title=\"Previous\" previous_type=\"text\" previous_class=\"wdform-page-button\" previous_checkable=\"false\"><div class=\"wdform_section\"><div class=\"wdform_column\"><div wdid=\"10\" class=\"wdform_row\" style=\"position: relative; left: 0px; top: 0px;\"><div type=\"type_text\" class=\"wdform-field wd-width-100 wd-flex wd-flex-column fm-type_text\" ><div class=\"wdform-label-section wd-width-100  wd-flex-row wd-align-items-center\">    <label  for=\"wdform_10_element6\" class=\"wdform-label\">Az \u00d6n \u00e1ltal javasolt jel\u00f6lt neve:<\/label><span class=\"wdform-required\">*<\/span><\/div><div class=\"wdform-element-section wd-flex  wd-flex-row wd-align-items-center wd-width-100\" ><input type=\"text\"                           class=\"wd-width-100\"                           id=\"wdform_10_element6\"                           name=\"wdform_10_element6\"                           value=\"\"                           title=\"\"                           placeholder=\"\"                                                       \/><\/div><\/div><\/div><\/div><div class=\"wdform_column\"><div wdid=\"3\" class=\"wdform_row\"><div type=\"type_own_select\" class=\"wdform-field wd-width-100 wd-flex wd-flex-column fm-type_own_select\" ><div class=\"wdform-label-section wd-width-100 wdform_select wd-flex-row\">    <label  for=\"wdform_3_element6\" class=\"wdform-label\">Mely kateg\u00f3ri\u00e1ban jel\u00f6li:  <\/label><span class=\"wdform-required\">*<\/span><\/div><div class=\"wdform-element-section wd-flex wdform_select wd-flex-row wd-width-100\" ><select class=\"wd-width-100\" id=\"wdform_3_element6\" name=\"wdform_3_element6\" ><option value=\"Magyar Irodalom\" selected=\"selected\">Magyar Irodalom<\/option><option value=\"Magyar \u00c9p\u00edt\u00e9szet \u00e9s \u00c9p\u00edt\u0151m\u0171v\u00e9szet\" >Magyar \u00c9p\u00edt\u00e9szet \u00e9s \u00c9p\u00edt\u0151m\u0171v\u00e9szet<\/option><option value=\"Magyar Tudom\u00e1ny\" >Magyar Tudom\u00e1ny<\/option><option value=\"Magyar Zenem\u0171v\u00e9szet\" >Magyar Zenem\u0171v\u00e9szet<\/option><option value=\"Magyar N\u00e9pm\u0171v\u00e9szet \u00e9s K\u00f6zm\u0171vel\u0151d\u00e9s \" >Magyar N\u00e9pm\u0171v\u00e9szet \u00e9s K\u00f6zm\u0171vel\u0151d\u00e9s <\/option><option value=\"Magyar K\u00e9pz\u0151m\u0171v\u00e9szet\" >Magyar K\u00e9pz\u0151m\u0171v\u00e9szet<\/option><option value=\"Magyar Sport\" >Magyar Sport<\/option><option value=\"Magyar Sz\u00ednh\u00e1z- \u00e9s Filmm\u0171v\u00e9szet\" >Magyar Sz\u00ednh\u00e1z- \u00e9s Filmm\u0171v\u00e9szet<\/option><option value=\"Magyar Sajt\u00f3\" >Magyar Sajt\u00f3<\/option><option value=\"Magyar Oktat\u00e1s \u00e9s K\u00f6znevel\u00e9s\" >Magyar Oktat\u00e1s \u00e9s K\u00f6znevel\u00e9s<\/option><\/select><\/div><\/div><\/div><\/div><div class=\"wdform_column\"><div wdid=\"5\" class=\"wdform_row\"><div type=\"type_submitter_mail\" class=\"wdform-field wd-width-100 wd-flex wd-flex-column fm-type_submitter_mail\" ><div class=\"wdform-label-section wd-width-100  wd-flex-row\">    <label  for=\"wdform_5_element6\" class=\"wdform-label\">A jel\u00f6lt elektronikus levelez\u00e9si c\u00edme:<\/label><\/div><div class=\"wdform-element-section wd-flex  wd-flex-row wd-width-100\" ><input type=\"text\" class=\"wd-width-100\" id=\"wdform_5_element6\" name=\"wdform_5_element6\" value=\"\" title=\"\" placeholder=\"\"   onchange=\"wd_check_email('5', '6', 'Ez nem egy \u00e9rv\u00e9nyes e-mail c\u00edmet.')\" \/><\/div><\/div><\/div><\/div><div class=\"wdform_column\"><div wdid=\"6\" class=\"wdform_row\"><div type=\"type_textarea\" class=\"wdform-field wd-width-100 wd-flex wd-flex-column fm-type_textarea\" ><div class=\"wdform-label-section wd-width-100 \">    <label  for=\"wdform_6_element6\" class=\"wdform-label\">A jel\u00f6lt r\u00f6vid bemutat\u00e1sa, benne, hogy mi\u00e9rt tartja \u00e9rdemesnek a megyei PRIMA d\u00edjra?<\/label><span class=\"wdform-required\">*<\/span><\/div><div class=\"wdform-element-section wd-flex  wd-width-100\" ><textarea class=\"wd-width-100\"                      id=\"wdform_6_element6\"                      name=\"wdform_6_element6\"                      placeholder=\"\"                      maxlength=\"\"                      style=\"height: 100px;\"                      ><\/textarea><\/div><\/div><\/div><\/div><div class=\"wdform_column\"><div wdid=\"7\" class=\"wdform_row\"><div type=\"type_text\" class=\"wdform-field wd-width-100 wd-flex wd-flex-column fm-type_text\" ><div class=\"wdform-label-section wd-width-100  wd-flex-row wd-align-items-center\">    <label  for=\"wdform_7_element6\" class=\"wdform-label\">A jel\u00f6lt civil munkahelye:<\/label><span class=\"wdform-required\">*<\/span><\/div><div class=\"wdform-element-section wd-flex  wd-flex-row wd-align-items-center wd-width-100\" ><input type=\"text\"                           class=\"wd-width-100\"                           id=\"wdform_7_element6\"                           name=\"wdform_7_element6\"                           value=\"\"                           title=\"\"                           placeholder=\"\"                                                       \/><\/div><\/div><\/div><\/div><div class=\"wdform_column\"><div wdid=\"11\" class=\"wdform_row\" style=\"position: relative; left: 0px; top: 0px;\"><div type=\"type_text\" class=\"wdform-field wd-width-100 wd-flex wd-flex-column fm-type_text\" ><div class=\"wdform-label-section wd-width-100  wd-flex-row wd-align-items-center\">    <label  for=\"wdform_11_element6\" class=\"wdform-label\">Az \u00d6n (a jel\u00f6l\u0151 szem\u00e9ly) neve: Csak mag\u00e1nszem\u00e9lyekt\u0151l fogadunk el jel\u00f6l\u00e9seket! <\/label><span class=\"wdform-required\">*<\/span><\/div><div class=\"wdform-element-section wd-flex  wd-flex-row wd-align-items-center wd-width-100\" ><input type=\"text\"                           class=\"wd-width-100\"                           id=\"wdform_11_element6\"                           name=\"wdform_11_element6\"                           value=\"\"                           title=\"\"                           placeholder=\"\"                                                       \/><\/div><\/div><\/div><\/div><div class=\"wdform_column\"><div wdid=\"9\" class=\"wdform_row\"><div type=\"type_submitter_mail\" class=\"wdform-field wd-width-100 wd-flex wd-flex-column fm-type_submitter_mail\" ><div class=\"wdform-label-section wd-width-100  wd-flex-row\">    <label  for=\"wdform_9_element6\" class=\"wdform-label\">Az \u00d6n elektronikus levelez\u00e9si c\u00edme:<\/label><span class=\"wdform-required\">*<\/span><\/div><div class=\"wdform-element-section wd-flex  wd-flex-row wd-width-100\" ><input type=\"text\" class=\"wd-width-100\" id=\"wdform_9_element6\" name=\"wdform_9_element6\" value=\"\" title=\"\" placeholder=\"\"   onchange=\"wd_check_email('9', '6', 'Ez nem egy \u00e9rv\u00e9nyes e-mail c\u00edmet.')\" \/><\/div><\/div><\/div><\/div><div class=\"wdform_column\"><div wdid=\"1\" class=\"wdform_row\"><div type=\"type_submit_reset\" class=\"wdform-field wd-width-100 wd-flex wd-flex-column fm-type_submit_reset\" ><div class=\"wdform-element-section wd-flex  wd-flex-row wd-justify-content-left wd-width-100\" ><button  type=\"button\" class=\"button-submit\" onclick=\"fm_submit_form('6');\"  data-ajax=\"0\"><span class=\"fm-submit-loading spinner fm-ico-spinner\"><\/span>Jel\u00f6lt bek\u00fcld\u00e9se<\/button><button  type=\"button\" class=\"button-reset wd-hidden\" onclick=\"fm_reset_form(6);\" >Reset<\/button><\/div><\/div><\/div><\/div><\/div><div valign=\"top\" class=\"wdform_footer wd-width-100\"><div class=\"wd-width-100\"><div class=\"wd-width-100 wd-table\" style=\"padding-top:10px;\"><div class=\"wd-table-group\"><div id=\"6page_nav1\" class=\"wd-table-row\"><\/div><\/div><\/div><\/div><\/div><\/div><\/div><div class=\"wdform_preload\"><\/div><input type=\"hidden\" name=\"fm-current-page\" value=\"https:\/\/megyeiprima.hu\/index.php?rest_route=%2Fwp%2Fv2%2Fpages%2F1499\" \/><\/form><\/div><\/div>\n\t\t\t\t<\/div>\n\t\t\t\t<\/div>\n\t\t\t\t\t\t<\/div>\n\t\t\t\t\t<\/div>\n\t\t<\/div>\n\t\t\t\t\t\t\t\t<\/div>\n\t\t\t\t\t<\/div>\n\t\t<\/section>\n\t\t\t\t\t\t\t\t\t<\/div>\n\t\t\t<\/div>\n\t\t\t\t\t<\/div>\n\t\t","protected":false},"excerpt":{"rendered":"<p>2005 \u00f3ta az orsz\u00e1g eg\u00e9sz ter\u00fclet\u00e9n \u00f6n\u00e1ll\u00f3 elismer\u00e9sben r\u00e9szes\u00fclhetnek a szellemi \u00e9let, a kult\u00fara, a tudom\u00e1ny, a m\u0171v\u00e9szet \u00e9s a sport megyei legjobbjai. \u0150k azok, akik k\u00f6zelr\u0151l figyelhet\u0151, megismerhet\u0151 p\u00e9ldak\u00e9peiv\u00e9 v\u00e1lhatnak sz\u0171kebb haz\u00e1juk k\u00f6z\u00f6ss\u00e9g\u00e9nek. Az \u00e9venk\u00e9nt oda\u00edt\u00e9lt megyei Prima d\u00edjat mind a tizenkilenc megy\u00e9ben, megy\u00e9nk\u00e9nt h\u00e1rman nyerhetik el. K\u00e9rj\u00fck, az&#8230;<\/p>\n","protected":false},"author":2,"featured_media":0,"parent":0,"menu_order":0,"comment_status":"closed","ping_status":"closed","template":"templates\/full-width-page.php","meta":[],"yoast_head":"<!-- This site is optimized with the Yoast SEO plugin v19.13 - https:\/\/yoast.com\/wordpress\/plugins\/seo\/ -->\n<title>Javasoljon jel\u00f6ltet! - Megyei prima<\/title>\n<meta name=\"robots\" content=\"index, follow, max-snippet:-1, max-image-preview:large, max-video-preview:-1\" \/>\n<link rel=\"canonical\" href=\"https:\/\/megyeiprima.hu\/?page_id=1499\" \/>\n<meta property=\"og:locale\" content=\"hu_HU\" \/>\n<meta property=\"og:type\" content=\"article\" \/>\n<meta property=\"og:title\" content=\"Javasoljon jel\u00f6ltet! - Megyei prima\" \/>\n<meta property=\"og:description\" content=\"2005 \u00f3ta az orsz\u00e1g eg\u00e9sz ter\u00fclet\u00e9n \u00f6n\u00e1ll\u00f3 elismer\u00e9sben r\u00e9szes\u00fclhetnek a szellemi \u00e9let, a kult\u00fara, a tudom\u00e1ny, a m\u0171v\u00e9szet \u00e9s a sport megyei legjobbjai. \u0150k azok, akik k\u00f6zelr\u0151l figyelhet\u0151, megismerhet\u0151 p\u00e9ldak\u00e9peiv\u00e9 v\u00e1lhatnak sz\u0171kebb haz\u00e1juk k\u00f6z\u00f6ss\u00e9g\u00e9nek. Az \u00e9venk\u00e9nt oda\u00edt\u00e9lt megyei Prima d\u00edjat mind a tizenkilenc megy\u00e9ben, megy\u00e9nk\u00e9nt h\u00e1rman nyerhetik el. K\u00e9rj\u00fck, az...\" \/>\n<meta property=\"og:url\" content=\"https:\/\/megyeiprima.hu\/?page_id=1499\" \/>\n<meta property=\"og:site_name\" content=\"Megyei prima\" \/>\n<meta property=\"article:modified_time\" content=\"2022-10-03T19:33:00+00:00\" \/>\n<meta name=\"twitter:card\" content=\"summary_large_image\" \/>\n<meta name=\"twitter:label1\" content=\"Becs\u00fclt olvas\u00e1si id\u0151\" \/>\n\t<meta name=\"twitter:data1\" content=\"1 perc\" \/>\n<script type=\"application\/ld+json\" class=\"yoast-schema-graph\">{\"@context\":\"https:\/\/schema.org\",\"@graph\":[{\"@type\":\"WebPage\",\"@id\":\"https:\/\/megyeiprima.hu\/?page_id=1499\",\"url\":\"https:\/\/megyeiprima.hu\/?page_id=1499\",\"name\":\"Javasoljon jel\u00f6ltet! - Megyei prima\",\"isPartOf\":{\"@id\":\"https:\/\/megyeiprima.hu\/#website\"},\"datePublished\":\"2022-10-03T19:15:07+00:00\",\"dateModified\":\"2022-10-03T19:33:00+00:00\",\"breadcrumb\":{\"@id\":\"https:\/\/megyeiprima.hu\/?page_id=1499#breadcrumb\"},\"inLanguage\":\"hu\",\"potentialAction\":[{\"@type\":\"ReadAction\",\"target\":[\"https:\/\/megyeiprima.hu\/?page_id=1499\"]}]},{\"@type\":\"BreadcrumbList\",\"@id\":\"https:\/\/megyeiprima.hu\/?page_id=1499#breadcrumb\",\"itemListElement\":[{\"@type\":\"ListItem\",\"position\":1,\"name\":\"Kezd\u0151lap\",\"item\":\"https:\/\/megyeiprima.hu\/\"},{\"@type\":\"ListItem\",\"position\":2,\"name\":\"Javasoljon jel\u00f6ltet!\"}]},{\"@type\":\"WebSite\",\"@id\":\"https:\/\/megyeiprima.hu\/#website\",\"url\":\"https:\/\/megyeiprima.hu\/\",\"name\":\"Megyei prima\",\"description\":\"Heves megyei prima d\u00edj\",\"publisher\":{\"@id\":\"https:\/\/megyeiprima.hu\/#organization\"},\"potentialAction\":[{\"@type\":\"SearchAction\",\"target\":{\"@type\":\"EntryPoint\",\"urlTemplate\":\"https:\/\/megyeiprima.hu\/?s={search_term_string}\"},\"query-input\":\"required name=search_term_string\"}],\"inLanguage\":\"hu\"},{\"@type\":\"Organization\",\"@id\":\"https:\/\/megyeiprima.hu\/#organization\",\"name\":\"Heves Megyei Prima\",\"url\":\"https:\/\/megyeiprima.hu\/\",\"logo\":{\"@type\":\"ImageObject\",\"inLanguage\":\"hu\",\"@id\":\"https:\/\/megyeiprima.hu\/#\/schema\/logo\/image\/\",\"url\":\"\",\"contentUrl\":\"\",\"caption\":\"Heves Megyei Prima\"},\"image\":{\"@id\":\"https:\/\/megyeiprima.hu\/#\/schema\/logo\/image\/\"}}]}<\/script>\n<!-- \/ Yoast SEO plugin. -->","yoast_head_json":{"title":"Javasoljon jel\u00f6ltet! - Megyei prima","robots":{"index":"index","follow":"follow","max-snippet":"max-snippet:-1","max-image-preview":"max-image-preview:large","max-video-preview":"max-video-preview:-1"},"canonical":"https:\/\/megyeiprima.hu\/?page_id=1499","og_locale":"hu_HU","og_type":"article","og_title":"Javasoljon jel\u00f6ltet! - Megyei prima","og_description":"2005 \u00f3ta az orsz\u00e1g eg\u00e9sz ter\u00fclet\u00e9n \u00f6n\u00e1ll\u00f3 elismer\u00e9sben r\u00e9szes\u00fclhetnek a szellemi \u00e9let, a kult\u00fara, a tudom\u00e1ny, a m\u0171v\u00e9szet \u00e9s a sport megyei legjobbjai. \u0150k azok, akik k\u00f6zelr\u0151l figyelhet\u0151, megismerhet\u0151 p\u00e9ldak\u00e9peiv\u00e9 v\u00e1lhatnak sz\u0171kebb haz\u00e1juk k\u00f6z\u00f6ss\u00e9g\u00e9nek. Az \u00e9venk\u00e9nt oda\u00edt\u00e9lt megyei Prima d\u00edjat mind a tizenkilenc megy\u00e9ben, megy\u00e9nk\u00e9nt h\u00e1rman nyerhetik el. K\u00e9rj\u00fck, az...","og_url":"https:\/\/megyeiprima.hu\/?page_id=1499","og_site_name":"Megyei prima","article_modified_time":"2022-10-03T19:33:00+00:00","twitter_card":"summary_large_image","twitter_misc":{"Becs\u00fclt olvas\u00e1si id\u0151":"1 perc"},"schema":{"@context":"https:\/\/schema.org","@graph":[{"@type":"WebPage","@id":"https:\/\/megyeiprima.hu\/?page_id=1499","url":"https:\/\/megyeiprima.hu\/?page_id=1499","name":"Javasoljon jel\u00f6ltet! - Megyei prima","isPartOf":{"@id":"https:\/\/megyeiprima.hu\/#website"},"datePublished":"2022-10-03T19:15:07+00:00","dateModified":"2022-10-03T19:33:00+00:00","breadcrumb":{"@id":"https:\/\/megyeiprima.hu\/?page_id=1499#breadcrumb"},"inLanguage":"hu","potentialAction":[{"@type":"ReadAction","target":["https:\/\/megyeiprima.hu\/?page_id=1499"]}]},{"@type":"BreadcrumbList","@id":"https:\/\/megyeiprima.hu\/?page_id=1499#breadcrumb","itemListElement":[{"@type":"ListItem","position":1,"name":"Kezd\u0151lap","item":"https:\/\/megyeiprima.hu\/"},{"@type":"ListItem","position":2,"name":"Javasoljon jel\u00f6ltet!"}]},{"@type":"WebSite","@id":"https:\/\/megyeiprima.hu\/#website","url":"https:\/\/megyeiprima.hu\/","name":"Megyei prima","description":"Heves megyei prima d\u00edj","publisher":{"@id":"https:\/\/megyeiprima.hu\/#organization"},"potentialAction":[{"@type":"SearchAction","target":{"@type":"EntryPoint","urlTemplate":"https:\/\/megyeiprima.hu\/?s={search_term_string}"},"query-input":"required name=search_term_string"}],"inLanguage":"hu"},{"@type":"Organization","@id":"https:\/\/megyeiprima.hu\/#organization","name":"Heves Megyei Prima","url":"https:\/\/megyeiprima.hu\/","logo":{"@type":"ImageObject","inLanguage":"hu","@id":"https:\/\/megyeiprima.hu\/#\/schema\/logo\/image\/","url":"","contentUrl":"","caption":"Heves Megyei Prima"},"image":{"@id":"https:\/\/megyeiprima.hu\/#\/schema\/logo\/image\/"}}]}},"_links":{"self":[{"href":"https:\/\/megyeiprima.hu\/index.php?rest_route=\/wp\/v2\/pages\/1499"}],"collection":[{"href":"https:\/\/megyeiprima.hu\/index.php?rest_route=\/wp\/v2\/pages"}],"about":[{"href":"https:\/\/megyeiprima.hu\/index.php?rest_route=\/wp\/v2\/types\/page"}],"author":[{"embeddable":true,"href":"https:\/\/megyeiprima.hu\/index.php?rest_route=\/wp\/v2\/users\/2"}],"replies":[{"embeddable":true,"href":"https:\/\/megyeiprima.hu\/index.php?rest_route=%2Fwp%2Fv2%2Fcomments&post=1499"}],"version-history":[{"count":8,"href":"https:\/\/megyeiprima.hu\/index.php?rest_route=\/wp\/v2\/pages\/1499\/revisions"}],"predecessor-version":[{"id":1565,"href":"https:\/\/megyeiprima.hu\/index.php?rest_route=\/wp\/v2\/pages\/1499\/revisions\/1565"}],"wp:attachment":[{"href":"https:\/\/megyeiprima.hu\/index.php?rest_route=%2Fwp%2Fv2%2Fmedia&parent=1499"}],"curies":[{"name":"wp","href":"https:\/\/api.w.org\/{rel}","templated":true}]}}